4*v, 5*o = -x*v + 5*v + 125. What is the units digit of o?
2
Let j(b) be the first derivative of -b**4/4 + 11*b**3/3 + 2*b**2 + 5*b + 17. What is the units digit of j(11)?
9
What is the units digit of 1/(30976/4424 + -7)?
3
Let v be 10*((-8)/(-4))/4. Suppose v*n + 3*z = 2*n + 426, n - 4*z - 167 = 0. What is the units digit of n?
7
Let v = -5 - -15. Suppose 0 = 7*r - v*r + 12. Suppose -r*j + 2*k - 5*k = -134, -6 = 3*k. What is the tens digit of j?
3
Let c(q) = -q - 1. Let m(a) = 2*a + 4. Let u(v) = 6*c(v) + m(v). Let h be u(7). What is the units digit of (48/(-4))/4 - h?
7
Suppose -a = 2*o - 15, 3*o - 8 = a - 23. Suppose w - a - 5 = 2*s, 37 = 2*w - 3*s. Let m = -8 + w. What is the units digit of m?
6
Let g(b) = 2*b**3 - 5*b**2 - 8. Let r(o) = -o**2 - 8*o - 8. Let j be r(-6). What is the units digit of g(j)?
0
Let j(d) = d**3 + 10*d**2 + 3*d - 8. Let u be j(-10). Let b = u + 63. What is the units digit of b?
5
Let a = -15 + 18. Suppose -p = -a*p - 608. What is the units digit of 2/(-6) + p/(-12)?
5
Suppose 401 = 18*t - 13189. What is the units digit of t?
5
Let f be (-15)/(-3) - (-7 - -7). Suppose -3*q + f*q = 76. What is the units digit of q?
8
Suppose -4*u + 2*u = 5*l - 5617, 3*l - u - 3368 = 0. What is the hundreds digit of (-2)/12 + l/6?
1
Let l = 16 - 19. What is the units digit of ((-424)/14)/(l/21*2)?
6
Let w = -186 + -50. Let n = 346 + w. What is the units digit of n?
0
Suppose -38097 - 27421 = -34*y. What is the units digit of y?
7
Suppose v - 2*v = 0. Suppose -3*q - n = -11 - 7, -12 = -4*n. Suppose v = 4*f, q*f - 1 = -4*z + 155. What is the units digit of z?
9
Let n = 668 + 1674. What is the thousands digit of n?
2
Let n = -228 - 432. Let t be (-3)/(-5) - n/25. Let b = t + -26. What is the units digit of b?
1
Suppose 3*t = -t. Suppose t = 5*r - r - a + 237, 3*r - 4*a = -194. Let w = -35 - r. What is the units digit of w?
3
Suppose -4*j - 98*w + 102*w = -10420, -2*j + w + 5208 = 0. What is the thousands digit of j?
2
Suppose 0 = -3*k - 0*k - 75. Let r = 29 + k. Suppose -2*u - 56 + 9 = -d, -4*d + 184 = -r*u. What is the units digit of d?
5
Suppose 4*h = -h + 2*m + 6, -16 = -5*h - 3*m. Suppose 5*t - 1135 = -k + 6*k, -3*k = h*t - 459. What is the hundreds digit of t?
2
Let g = 5551 + -1468. What is the hundreds digit of g?
0
Suppose 0 = -w + 32 + 5. Let n = -238 - -263. Let i = w - n. What is the units digit of i?
2
Suppose -3*h - 10*w = -7*w - 3861, 0 = -2*h - 4*w + 2568. What is the units digit of h?
0
Suppose -2206 = -2*u + 22*y - 23*y, 5*u - 5515 = -2*y. What is the thousands digit of u?
1
Let z(n) = 2*n**3 + 22*n**2 + 4*n - 17. What is the hundreds digit of z(-9)?
2
Suppose 17*c = 19*c - 186. Let o = c + -69. What is the tens digit of o?
2
Let a = -20 + 164. Suppose -2*z = 4*z - a. Suppose 0 = 5*v - z - 86. What is the tens digit of v?
2
What is the tens digit of -4 - ((-3846 - (4 + -6)) + 4)?
3
Let x be 2195/(-45) + 2/(-9). Let k = 96 + x. What is the tens digit of k?
4
What is the thousands digit of 48243/6*(-16)/(-52)?
2
Suppose -17 = -0*k - 2*k + 3*w, -3*w = 9. Let z be -4*(36/8 - k). What is the units digit of z + 21 + -4 - -3?
8
Let d be (-9 - 0)*(-4)/(-2). Let f = -25 - d. Let s = f + 83. What is the units digit of s?
6
Let j(z) = 40*z + 16. What is the hundreds digit of j(9)?
3
Let b = -68 - -68. Suppose 0*a + 4*a - 420 = b. What is the hundreds digit of a?
1
Let n(f) = f**3 + 15*f**2 + 15*f + 16. Let w be n(-14). Suppose w*r - 1 - 15 = 0. What is the units digit of r?
8
Let p(r) = -11*r**2 + 18*r + 5. Let w(v) = 6*v**2 - 9*v - 3. Let k(u) = -4*p(u) - 7*w(u). What is the hundreds digit of k(10)?
1
Let g(v) = 7*v**2 - v + 2. Let p be g(3). Let f(i) = 2*i**2 - 3*i. Let j be f(-4). Let k = p - j. What is the tens digit of k?
1
Let v(m) = 826*m**2 - 6*m + 5. What is the units digit of v(1)?
5
Let s(q) = q**2 - 13*q + 33. Let v be s(10). Suppose -4 = v*a - 262. What is the tens digit of a?
8
Suppose -106 = -17*t + 5011. What is the tens digit of t?
0
Let w(v) = v**2 - 6*v + 12. Let n be w(4). Suppose -n*g = -112 + 16. What is the tens digit of g?
2
Let r(y) = -2*y + 9. Let m be r(-10). Let p = 33 - m. What is the tens digit of (280/(-21))/(p/(-18))?
6
Let t(l) = -l**3 + 5*l**2 + 15*l - 5. Let b be t(7). Suppose -b*g + 23 + 319 = 0. What is the units digit of g?
1
Suppose x = -5*h + 1202, -h + 137 = 5*x - 89. What is the units digit of h?
1
Let r(a) = -a**3 - 2*a**2 + 5*a + 2. Let n be r(-3). Let u be 2/(n - 33/(-8)). What is the units digit of (3 + 9/(-6))*u?
4
What is the tens digit of (-75408)/(-40)*(-45)/(-27)?
4
Let p(u) = 176*u + 14. What is the hundreds digit of p(2)?
3
Let d(p) = -40*p - 1. Suppose 0*m + m + 3*z = -7, 4*z + 4 = 4*m. Let v be d(m). What is the units digit of ((-8)/(-12) - 0)*v?
6
Let q(t) = -7*t - 41. Let l be q(-13). Let o = 117 - l. What is the units digit of o?
7
Suppose s = 6*s - 640. Let j = 0 + s. What is the tens digit of j?
2
Suppose 0 = -2*x + 6*x. Suppose 5*z = 2*w + 19 - 139, x = -3*z + 4*w - 86. Let q = 32 + z. What is the units digit of q?
0
Suppose 3*c - z + 6*z = 5031, -z + 3354 = 2*c. What is the thousands digit of c?
1
Suppose -5*y + 3*q + 187 = 0, y - 2*y + 19 = 4*q. Let p be (1 + 1 - 1)*-4 - -1. Let t = p + y. What is the units digit of t?
2
Let z = 30 - -565. What is the units digit of z?
5
Let s be ((-2)/(-4))/(2/4). Let n be -7 + 29 + -5 + s. Suppose -n = 5*h - 83. What is the tens digit of h?
1
Let s = 67 - 63. Suppose 4*p - s = 28. What is the units digit of p?
8
Suppose -2*i - 3*c + 7*c = 26, 0 = 4*i + c + 61. Let n(j) = 2*j**2 + 15*j + 17. What is the units digit of n(i)?
2
Let x = 969 + -493. What is the tens digit of x?
7
Suppose -4*v + 8 = -2*a, -27 = -5*a - 7. Suppose v*n = 132 + 12. What is the units digit of n?
6
Suppose -i + y + 74 = -3*y, -4*i - y + 262 = 0. Let c = -210 - -238. Let r = i - c. What is the units digit of r?
8
Suppose -45*u + 43*u + 460 = 0. What is the tens digit of u?
3
Let t(s) = -s**3 + 6*s**2 + 4*s - 5. Let j be t(6). Let z = 24 - j. Suppose -210 = -z*q - 3*h, -q - 3*h - 3 = -33. What is the units digit of q?
5
Suppose -3*p + 6*p + 5*v = 80, 0 = 2*p + 3*v - 55. Suppose 4*h = 5*h - p. What is the units digit of 48/10 + 7/h?
5
Suppose 31 - 21 = 5*d. Suppose -d*j + 14 = 3*g, -3*j - j = 3*g - 34. What is the tens digit of j?
1
Let f(n) = 23*n**2 + 3*n + 12. Let x be f(-3). Let t = x - 150. What is the units digit of t?
0
Suppose 614 = -9*m - 34. What is the tens digit of (9 + -2)/(-5 - m/14)?
4
Suppose 5*c + 314 = v, 3*v - 8*v + 1465 = -4*c. What is the hundreds digit of v?
2
Suppose d + 6530 = 3*j, -7*j = -5*j + 4*d - 4344. What is the units digit of j?
6
Let o be (-150)/(-22) - 32/(-176). Suppose -9*n + 88 = -o*n. What is the units digit of n?
4
Suppose 5*d - 11 = 5*m + 14, 0 = -d + 3*m + 3. Suppose d*a = 5*p + 2*a - 279, 2*p = 3*a + 113. What is the tens digit of p?
5
Suppose 3*d - 5 = 1. Suppose d*y - 141 = -3*m, -3*m + 73 = y - m. What is the units digit of y?
3
Suppose f + 49 = 6*f - o, 2*f - 15 = 5*o. Let t = 14 - f. Suppose 3*c - t*k = 13, c + 14 = 5*k - 0. What is the units digit of c?
1
What is the units digit of ((-1)/(-2))/((-16)/(-24))*476?
7
Suppose -16*s + 11*s = -30. Let z be (-8 - -3)/((-2)/s). Suppose 11*t + 228 = z*t. What is the tens digit of t?
5
Let k(l) = 17 - 3 - 19*l + 1. Let n be k(-5). Let b = n + -65. What is the tens digit of b?
4
Suppose -c - 4*k = -6 + 1, 0 = -c + 5*k + 5. Let m be 205/3 - 2/6. Suppose c*h - 117 = m. What is the tens digit of h?
3
Let o be (-3 + 6)/(-1)*-1. What is the units digit of 612/(-27)*o/(-2)?
4
Suppose -2433 = -15*o + 237. What is the tens digit of o?
7
Let t be 11 - 3 - (5 - 2)*1. Suppose -4*s - t*a + 1184 = -3*a, 4*s + 4*a = 1192. What is the units digit of s?
4
Suppose -5*p - 2 = 4*u, 5*p + u - 11 = -4. Suppose 35 = b - h + 6*h, p*b + 5*h - 45 = 0. What is the units digit of (b - 14)*-5*1?
0
Suppose 3*c - 1458 = -3*q, -c = 4*c + 5. Let z = -224 + q. What is the units digit of z?
3
Suppose 93 = 7*t - 4051. What is the tens digit of t?
9
Let b = -6 - -4. Let q be ((b + 2)*1)/(-3). Suppose -5*c + 55 = -q*c. What is the units digit of c?
1
Suppose 0*b = -3*b + 6, k - 77 = -4*b. What is the tens digit of k?
6
Suppose 0 = -3*k + 4*l - 0*l + 17, k - 3*l - 9 = 0. Suppose 0 = -5*w + j + 895, 0 = k*w - w +